nder when 451011 is divided by 8?
3
What is the remainder when 14499 is divided by 50?
49
Calculate the remainder when 1091 is divided by 118.
29
What is the remainder when 69306 is divided by 50?
6
What is the remainder when 694 is divided by 344?
6
What is the remainder when 88317 is divided by 69?
66
What is the remainder when 4315405 is divided by 22?
17
Calculate the remainder when 692930 is divided by 33.
29
Calculate the remainder when 6614 is divided by 22.
14
What is the remainder when 28584 is divided by 42?
24
What is the remainder when 3064 is divided by 2924?
140
Calculate the remainder when 2918 is divided by 2089.
829
Calculate the remainder when 23634 is divided by 311.
309
Calculate the remainder when 12757 is divided by 180.
157
What is the remainder when 99208 is divided by 477?
469
What is the remainder when 6536 is divided by 539?
68
What is the remainder when 33888 is divided by 19?
11
Calculate the remainder when 3081 is divided by 787.
720
What is the remainder when 426 is divided by 318?
108
What is the remainder when 21231 is divided by 10609?
13
Calculate the remainder when 2719 is divided by 2108.
611
Calculate the remainder when 5234 is divided by 121.
31
Calculate the remainder when 2648 is divided by 134.
102
What is the remainder when 174005 is divided by 1317?
161
Calculate the remainder when 1058791 is divided by 529385.
21
What is the remainder when 916 is divided by 129?
13
What is the remainder when 29899 is divided by 100?
99
Calculate the remainder when 8182 is divided by 4081.
20
Calculate the remainder when 2122 is divided by 298.
36
What is the remainder when 36375 is divided by 8?
7
What is the remainder when 1187378 is divided by 38?
30
What is the remainder when 14725 is divided by 1226?
13
What is the remainder when 7237 is divided by 142?
137
Calculate the remainder when 169952 is divided by 84973.
6
Calculate the remainder when 8438 is divided by 2470.
1028
Calculate the remainder when 5634 is divided by 564.
558
What is the remainder when 129783 is divided by 223?
220
What is the remainder when 26181 is divided by 2012?
25
Calculate the remainder when 2902 is divided by 2855.
47
What is the remainder when 16739 is divided by 84?
23
What is the remainder when 7493 is divided by 7484?
9
What is the remainder when 34571 is divided by 11?
9
What is the remainder when 324 is divided by 157?
10
What is the remainder when 30887 is divided by 995?
42
What is the remainder when 1613 is divided by 1463?
150
What is the remainder when 215 is divided by 14?
5
What is the remainder when 36652 is divided by 12?
4
What is the remainder when 1356938 is divided by 17?
15
What is the remainder when 152422 is divided by 58?
56
Calculate the remainder when 12609 is divided by 549.
531
Calculate the remainder when 17253 is divided by 5742.
27
Calculate the remainder when 8165 is divided by 1337.
143
Calculate the remainder when 78952 is divided by 29.
14
Calculate the remainder when 48573 is divided by 399.
294
Calculate the remainder when 14136 is divided by 50.
36
Calculate the remainder when 18595 is divided by 3493.
1130
Calculate the remainder when 2172192 is divided by 26.
22
What is the remainder when 2070 is divided by 292?
26
What is the remainder when 69992 is divided by 23327?
11
Calculate the remainder when 2032 is divided by 92.
8
Calculate the remainder when 6140 is divided by 57.
41
What is the remainder when 891430 is divided by 479?
11
What is the remainder when 36496 is divided by 12161?
13
What is the remainder when 12720 is divided by 605?
15
What is the remainder when 776383 is divided by 16?
15
What is the remainder when 13799 is divided by 116?
111
What is the remainder when 57255 is divided by 163?
42
What is the remainder when 9790 is divided by 27?
16
Calculate the remainder when 611 is divided by 343.
268
Calculate the remainder when 2269604 is divided by 1695.
1694
Calculate the remainder when 48075 is divided by 68.
67
Calculate the remainder when 10284 is divided by 469.
435
What is the remainder when 4514 is divided by 146?
134
Calculate the remainder when 344909 is divided by 753.
35
What is the remainder when 62207 is divided by 36?
35
What is the remainder when 2243 is divided by 904?
435
Calculate the remainder when 237801 is divided by 237799.
2
What is the remainder when 13781 is divided by 3443?
9
Calculate the remainder when 635657 is divided by 58.
35
What is the remainder when 2532 is divided by 364?
348
What is the remainder when 9436 is divided by 1527?
274
What is the remainder when 3900 is divided by 3881?
19
Calculate the remainder when 625 is divided by 225.
175
Calculate the remainder when 1232677 is divided by 308165.
17
What is the remainder when 2297157 is divided by 40?
37
What is the remainder when 26954 is divided by 2694?
14
Calculate the remainder when 20004 is divided by 802.
756
Calculate the remainder when 22590 is divided by 805.
50
What is the remainder when 7041 is divided by 21?
6
What is the remainder when 79129 is divided by 327?
322
Calculate the remainder when 1739 is divided by 1730.
9
Calculate the remainder when 34327 is divided by 337.
290
Calculate the remainder when 310394 is divided by 1137.
1130
What is the remainder when 14835 is divided by 136?
11
Calculate the remainder when 1991 is divided by 237.
95
What is the remainder when 4730 is divided by 33?
11
Calculate the remainder when 93073 is divided by 173.
172
Calculate the remainder when 414293 is divided by 138096.
5
Calculate the remainder when 416005 is divided by 1470.
1465
Calculate the remainder when 282522 is divided by 40359.
9
Calculate the remainder when 106248 is divided by 170.
168
What is the remainder when 90299 is divided by 43?
42
What is the remainder when 14480855 is divided by 312?
311
What is the remainder when 1451253 is divided by 14?
13
What is the remainder when 3190 is divided by 25?
15
Calculate the remainder when 1279 is divided by 1085.
194
What is the remainder when 99257 is divided by 7627?
106
Calculate the remainder when 537 is divided by 109.
101
Calculate the remainder when 8709 is divided by 489.
396
Calculate the remainder when 20817 is divided by 18.
9
What is the remainder when 63514 is divided by 385?
374
Calculate the remainder when 4602 is divided by 243.
228
What is the remainder when 41133 is divided by 238?
197
What is the remainder when 3641 is divided by 61?
42
What is the remainder when 30595 is divided by 41?
9
What is the remainder when 452104 is divided by 111?
1
What is the remainder when 136485 is divided by 1011?
0
What is the remainder when 5451 is divided by 7?
5
Calculate the remainder when 157497 is divided by 35.
32
What is the remainder when 1449 is divided by 1107?
342
What is the remainder when 76360 is divided by 25359?
283
What is the remainder when 686087 is divided by 16?
7
What is the remainder when 345310 is divided by 114?
4
Calculate the remainder when 22480 is divided by 282.
202
What is the remainder when 99991 is divided by 8?
7
Calculate the remainder when 111046 is divided by 123.
100
Calculate the remainder when 64275 is divided by 554.
11
Calculate the remainder when 640 is divided by 309.
22
Calculate the remainder when 817 is divided by 797.
20
What is the remainder when 78704 is divided by 14?
10
Calculate the remainder when 163815 is divided by 262.
65
What is the remainder when 534 is divided by 187?
160
Calculate the remainder when 285 is divided by 237.
48
Calculate the remainder when 23655 is divided by 88.
71
Calculate the remainder when 34888 is divided by 50.
38
Calculate the remainder when 9554 is divided by 638.
622
What is the remainder when 102742 is divided by 84?
10
Calculate the remainder when 7674 is divided by 50.
24
Calculate the remainder when 2740 is divided by 22.
12
What is the remainder when 10618 is divided by 118?
116
Calculate the remainder when 83273 is divided by 120.
113
What is the remainder when 699310 is divided by 140?
10
Calculate the remainder when 88641 is divided by 178.
175
Calculate the remainder when 4348 is divided by 978.
436
What is the remainder when 8346 is divided by 474?
288
Calculate the remainder when 4596 is divided by 470.
366
Calculate the remainder when 